5
Let j be (-2)/(-4)*2*(10 + -7). Suppose -j*s + 29 = 2*f, 0 = -2*s - 2*s + f + 35. Calculate the remainder when s is divided by 2.
1
Let o(a) = -3*a + 3. Suppose 1 = u, 3*u - 8 = -j + 4. What is the remainder when j is divided by o(0)?
0
Let r = 119 - 85. What is the remainder when ((-16)/24)/(15/(-1440)) is divided by r?
30
Let s = -1303 - -1649. What is the remainder when s is divided by 5?
1
Let l(o) = o**3 + 5*o**2 - 7*o. Let m be l(-9). Let y = 163 + m. Let w = y - -137. Calculate the remainder when w is divided by 14.
11
Suppose -5*r - 112 = -42. Suppose 0 = -0*k + 2*k - 14. Calculate the remainder when k is divided by 38/14 + (-4)/r.
1
Suppose -7*u - 35 = -12*u. Suppose -5*s + 4 + 21 = 0, d + s - 23 = 0. What is the remainder when d is divided by u?
4
Let d(w) = w**3 - 15*w**2 + w - 8. What is the remainder when 8/(-44) - 246/(-22) is divided by d(15)?
4
Let t(a) = a**3 - 6*a**2 - a + 1. Calculate the remainder when 470 is divided by t(7).
40
Let s be ((-6)/9)/((-14)/63). Suppose -4*t + s*m + 43 = 0, -2*t + 20 = 3*t + 3*m. What is the remainder when 25 is divided by t?
4
Let s(g) = -53*g**2 + 4*g + 4. Let p be s(-1). Let y = 61 + p. Let u(c) = c. Calculate the remainder when y is divided by u(5).
3
Let f(n) = -n**2. Let v(s) = 6*s**2 - 8*s + 1. Let h(x) = 5*f(x) + v(x). Let o be h(7). Let m = o - -12. Calculate the remainder when 11 is divided by m.
5
Suppose 3*v + 11 = 2*u, 2*u + 4*v = 6*v + 10. Suppose 3*z = -u*q - 6, 3*z + 3 = 3*q - 6*q. What is the remainder when 3*2 - 2/(-2) is divided by z?
1
Let b = 1232 + -1195. Suppose 3*z = 5*u - 19, 5*z + 11 = 3*u - 10. Suppose u*c - 379 + 87 = 0. Calculate the remainder when c is divided by b.
35
Suppose -22 = -2*n - 3*o, n - 10 - 1 = o. Let d = 33 + n. Calculate the remainder when d is divided by 10.
4
Calculate the remainder when (-2)/8 - 290/(-8) is divided by ((-68)/(-8))/((3 - -2)/10).
2
Suppose 6*d - 2*d - k = 3405, k = -2*d + 1707. Calculate the remainder when d is divided by 14.
12
Let j = -18 + 5. Let u be (-2)/j + (-1415)/(-13). Let c = u - 19. Calculate the remainder when c is divided by 23.
21
Suppose -17*x + 260 = -2239. Calculate the remainder when x is divided by 50.
47
Suppose 5*c - 11 = 14. Let s = 49 + -27. What is the remainder when s is divided by c?
2
Let p = -20 - -22. Suppose p*q = 3*q + 2, 3*c + 2*q - 104 = 0. What is the remainder when 70 is divided by c?
34
Let t = 7 + 9. Let q = -9424 - -9470. What is the remainder when q is divided by t?
14
Let b be (2/(-3))/((-2)/(-6)). Suppose 5*a = -2*a + 21. What is the remainder when 49*a/(-6)*b is divided by 17?
15
Let c = 59 - 11. What is the remainder when c is divided by 13?
9
Let j(b) = -b**2 - 18*b - 44. What is the remainder when 155 is divided by j(-4)?
11
Suppose i - 5*c + 14 = 31, -2*c = -10. Suppose -w + 4*w - i = 0. Let n = w + -6. Calculate the remainder when 30 is divided by n.
6
Suppose -4*c = -3*c - 3. Suppose -130 = -c*h - 2*h. What is the remainder when h is divided by 7?
5
Suppose 0 = 9*d + 20 - 956. Calculate the remainder when d is divided by 41.
22
Let i = 34 - 5. Let p(d) = -6*d**2 + 8*d - 7. Let j be p(5). Let r = -3 - j. Calculate the remainder when r is divided by i.
27
Suppose 249*l = 247*l + 62. What is the remainder when 39 is divided by l?
8
Let u be 205/12*2 - (-1)/(-6). Suppose -3*y = -4*z - 20, -2*y + 6*y = -2*z + u. Calculate the remainder when 1 + 2 + -2 - -30 is divided by y.
7
Suppose -s + 3 = -2*k - 48, k + 169 = 4*s. Let v be (-29)/(-9) + (-2)/9. Suppose 2*j - 25 + v = 0. Calculate the remainder when s is divided by j.
8
Suppose 63*m - 58*m - 1285 = 0. Suppose 5*c = 20 + 45. Calculate the remainder when m is divided by c.
10
Let g(q) = 2*q**3 + 7*q**2 - 5*q - 13. Calculate the remainder when g(4) is divided by 6.
3
Suppose 4*w = -5*f + 24, 3*w + 5*f = -2*w + 25. Suppose -a + 0*a + 3*y - 5 = 0, 3*a - 5*y = w. What is the remainder when -11*((-1 - 1) + 1) is divided by a?
4
Suppose -10*c = 3*u - 9*c - 41, -c - 24 = -2*u. Calculate the remainder when 219 is divided by u.
11
Calculate the remainder when (-4 + (-903)/(-28))*4 is divided by 30.
23
Suppose 3888 = 1140*y - 1131*y. Calculate the remainder when y is divided by 31.
29
Let s(q) = q + 3. Let b be s(-3). Suppose -t + 5*t - 8 = b. What is the remainder when 26 + -26 - (1 - 5) is divided by t?
0
Let i(u) = -u - 1. Let x be i(-7). Let r = -2 + x. Suppose 69 + 3 = r*b. Calculate the remainder when 53 is divided by b.
17
Suppose 2*k - 5*p = -1, -3*p = 4*k - 5*p + 26. What is the remainder when (-188)/(-4) - (-2 - 1) is divided by ((-52)/k)/(2/4)?
11
Let s(x) = 2*x + 20. Let b be s(-10). Suppose b = -7*u - 13 + 342. Calculate the remainder when u is divided by 16.
15
Suppose 0 = 34*k - 40*k + 102. What is the remainder when k is divided by 7?
3
Suppose 0*y + 24 = -4*y. Let m be 0 + 1 - 3 - y. Suppose 0 = 2*c + l - 2*l - 10, -m*c + l = -24. What is the remainder when 25 is divided by c?
4
Suppose 2*f + 2 = 12. Suppose f*a - j = -0*j + 67, a = -2*j + 20. What is the remainder when 24 is divided by a?
10
Let p = 532 + -475. Calculate the remainder when 394 is divided by p.
52
Suppose 2*t - 192 = 284. Calculate the remainder when t/3 + 3*(-9)/81 is divided by 42.
37
Let q(b) = b**3 + 6*b**2 - 9*b + 6. Let y be q(-7). Suppose 2*r + 2*r + 4*p - y = 0, 0 = r + 2*p - 4. What is the remainder when 20 is divided by r?
2
Let d = -64 + 187. Calculate the remainder when d is divided by 21.
18
Let z be -69*1*(-1)/3. Suppose 2*b - 15 = -11. Suppose b*n = n + z. What is the remainder when n is divided by 12?
11
Suppose h = 7*t + 1230, 5*h - 7597 = -5*t - 1287. What is the remainder when h is divided by 84?
82
Suppose -4*k + 3*k - 3*b + 11 = 0, -3*b - 9 = -3*k. Suppose -79 - k = -3*c. Suppose -f - c = -3*f. Calculate the remainder when 40 is divided by f.
12
Let s(m) = -4*m - 4. Let y = -63 + 66. Suppose y*t + 3*h = 57, 2*t + h = -3*h + 32. What is the remainder when t is divided by s(-3)?
6
Let z(u) = -u**3 + 7*u**2 + 3*u + 6. Calculate the remainder when z(7) is divided by ((-2)/6 - 2)/((-15)/45).
6
Suppose 5*p - 38 = -4*a - 9, 2*p + 3*a - 13 = 0. Calculate the remainder when 61 is divided by p.
1
Let p(b) = b**3 + 13*b**2 + 13*b + 5. Let w be p(-12). Calculate the remainder when (-3024)/(-135) - (w/(-5) + -1) is divided by 6.
4
Let f(d) = 64*d**2 + d - 3. Let l(g) = -32*g**2 - g + 2. Let w = 4 - 1. Let c(a) = w*f(a) + 5*l(a). What is the remainder when c(1) is divided by 11?
9
Let j(h) = 26*h**2 - 2*h - 5. What is the remainder when j(-2) is divided by 22?
15
Suppose 4*g = 3*g + 109. Suppose 0 = 5*i + 6*i - 33. Suppose m - 36 = 4*j, -2*j - 3*j = -i*m + 94. What is the remainder when g is divided by m?
25
Let y = -50 - -57. What is the remainder when 12 is divided by y?
5
Suppose -3*s + s = -5*c, 0 = 4*c - 3*s - 7. Calculate the remainder when 23 is divided by c/13 - 1104/(-78).
9
Let o(v) = -4*v**3 + 2*v**2 - 1. What is the remainder when o(-1) is divided by 2 + (-1 + 0 - -3)?
1
Suppose u + 2*d - 1 = -0, -16 = -4*u - 4*d. Let a(n) = n**2 - 7*n + 11. Let y be a(5). Let b = 12 - y. What is the remainder when b is divided by u?
4
Suppose 0 = -13*w + 8*w + 35. What is the remainder when 153 is divided by w?
6
Suppose o + 3*m + m = 78, -m + 357 = 4*o. What is the remainder when (-20)/50*o/(-2) is divided by 8?
2
Let q = 379 + -254. What is the remainder when q is divided by 28?
13
Let r(w) = w**3 - w**2 - w + 17. Let g be r(0). Let c = 23 - g. Suppose -2*v + n = -26, 4*v + c*n - n - 38 = 0. What is the remainder when v is divided by 5?
2
Let l be 0 + 2 + 0 + 19. Suppose 3*r + 89 = 101. Suppose n = 2*w - 28, n = -r*w + 77 - l. What is the remainder when 52 is divided by w?
10
Let q(f) = -18*f + 2. Let j = -21 + 19. Calculate the remainder when q(j) is divided by 2/7 + 68/7.
8
Suppose 299 = 5*k + 4*i - 118, 93 = k - 4*i. Let s = -57 + k. Calculate the remainder when s is divided by 10.
8
Suppose -22 = 3*q + 5*y, 2*q + 23 = -y + 6*y. Calculate the remainder when 64 is divided by (-3 - -7 - q)*1.
12
Let l = 1584 + -896. What is the remainder when l is divided by 11?
6
Suppose -4*i = 2*a - 46, 4*i + 2*a - 43 = a. Let w(z) = 2*z**2 + 5*z - 2 + 1 - 3. What is the remainder when w(-6) is divided by i?
8
What is the remainder when 44 is divided by (-4)/((-6)/((-